*n = -5*l + 1025, 0 = -2*n - 5*l + 348 + 53. Calculate the highest common factor of 26 and n.
26
Let i = -5 - -12. Let h be i*(-1)/(-4)*4. Suppose -3*f + 65 = 4*l - 28, 2*f + 5*l = 55. Calculate the highest common factor of h and f.
7
Let y = 56 - 37. Suppose -3*n + 6 = g - 5*n, 2*g - y = -3*n. Calculate the highest common factor of 88 and g.
8
Suppose 0 = 2*v - 4*v + 28. What is the highest common factor of 35 and v?
7
Let c(a) = a**3 + 12*a**2 + 10*a + 1. Let g be c(-11). Calculate the greatest common divisor of g and 48.
12
Let i(f) be the third derivative of 25*f**4/24 - f**3/3 + 2*f**2. Let d be i(4). Let b = 25 + -11. What is the greatest common divisor of d and b?
14
Suppose 0 = -3*w + 2*a + 61, 0*a = w + 3*a - 24. Suppose -14*i + 14 = -28. Calculate the greatest common divisor of w and i.
3
Suppose p - 4*n - 8 = 0, 32 = -0*p + 4*p + n. What is the greatest common divisor of 12 and p?
4
Let l = -43 + 23. Let t = -11 - l. Let f = -27 - -36. What is the greatest common divisor of f and t?
9
Suppose -3*o - 4*f = 137, 5*f = o + o + 99. Let m = o + 97. Calculate the highest common divisor of 10 and m.
10
Let c be 4 - -2 - (-3 + 1 - -4). Calculate the highest common divisor of 16 and c.
4
Let y = 1 - 1. Suppose y = 5*l - l - 8. Let u be (3 - l - 2) + 14. What is the greatest common factor of u and 13?
13
Suppose 4*p = 7 + 9. Let a be 45/(-2)*44/(-6). Let b be a/(-6)*16/(-10). What is the greatest common divisor of b and p?
4
Let h be (-100)/(-3) + (-16)/48. Suppose 4*m - h = 67. What is the greatest common divisor of 25 and m?
25
Suppose 0*k - 2*k + 184 = -2*y, -2*k = -4*y - 188. Calculate the greatest common factor of 30 and k.
30
Suppose 828 + 12 = 5*s. Let x be (-4)/10 - 107/(-5). What is the highest common factor of s and x?
21
Suppose -19 = -2*m + 1. Suppose 3*x - m = -1. Calculate the highest common factor of x and 12.
3
Suppose 2*b = 3*b - 144. Let i = 348 - 246. Let n = b - i. What is the highest common divisor of 28 and n?
14
Let j be (((-75)/10)/15)/(1/(-32)). Calculate the greatest common divisor of j and 176.
16
Suppose -1 = -b - 0*b, w + 4*b - 7 = 0. Calculate the highest common divisor of 2 and w.
1
Let m be 4 + -1 + 7 + -48. Let l be -2 + (-1 - m) + -1. What is the greatest common divisor of l and 17?
17
Let u be (1 - -3)*(1 + 0). What is the highest common divisor of u and 36?
4
Let m(i) = i**2 - i + 2. Let j be m(-4). Calculate the greatest common divisor of 2 and j.
2
Let b = 85 - 22. Calculate the highest common divisor of b and 9.
9
Let d(x) = -x + 7. Let s be d(6). What is the highest common divisor of 2 and s?
1
Let g be (-21 - -5)*32/(-2). Suppose -4*w - 108 = -4*u, -3 = -u + 3*w + 14. What is the greatest common divisor of g and u?
32
Let g(k) = -18*k. Let q be g(-2). Let p(t) = -t**3 - t**2 - t - 2. Let i be p(-2). Let y = i - 0. Calculate the highest common divisor of q and y.
4
Suppose -7*p + 120 = -3*p. Let a be ((-9)/(-18))/((-1)/(-20)). Calculate the greatest common factor of p and a.
10
Let r = -195 + 279. What is the greatest common factor of 12 and r?
12
Let z be ((-2)/3)/(2/(-6)). Suppose w - z = -8. Let d be (-326)/w - (-2)/3. What is the highest common factor of 11 and d?
11
Let p(y) = 2*y**3 - y**2 - 4*y + 3. Let f(o) = -o - 4. Let m be f(-6). Let v be p(m). What is the greatest common factor of 28 and v?
7
Let o(w) = -w**2 - 12*w + 6. Let i be o(-10). What is the greatest common factor of 13 and i?
13
Let r(z) = -2*z - 16. Let a be r(-14). What is the highest common divisor of 48 and a?
12
Suppose 3*j + 4*q + 1 = 0, 0 = -2*j + q + q + 18. Let z(i) = -2*i**2 + 23*i + 13. Let u be z(12). What is the greatest common factor of u and j?
1
Let o = 10 + -6. Suppose l = 2*m - 0*l - 9, -2*m - 6 = o*l. Suppose m*a - 2 = 16. Calculate the greatest common divisor of 42 and a.
6
Let y be 9 + 1*0/2. Let b = 43 - 35. Let w be 22/6 - b/12. Calculate the greatest common factor of w and y.
3
Let z be (-3)/9 - (-232)/3. Let a be (-33)/(-7) + 22/z. Calculate the highest common divisor of 35 and a.
5
Let k be (-81)/3*1 + 1. Suppose 0 = -3*q - 3*u + 159, 5*q + 2*u = q + 212. Let c = q + k. What is the highest common divisor of c and 9?
9
Suppose 0*y + 3*q = 4*y - 3, -5*y + 5*q = 0. Let a(b) = -3 - b**2 + b + 2*b + 4*b**2. Let k be a(-3). What is the highest common factor of y and k?
3
Suppose -2*y + j + 106 = -3*j, 139 = 3*y - j. Let v = -14 + 30. Let n be 484/v + (-1)/4. What is the highest common divisor of n and y?
15
Suppose -2 = -0*f + f. Let x be f*1*(-24 - -2). Let g = 44 + -33. Calculate the greatest common factor of g and x.
11
Let z(u) = -u + 16. Let a be z(11). Suppose -77 = -6*m + a*m. Let g(f) = -f**2 - 5*f + 3. Let o be g(-4). What is the greatest common factor of o and m?
7
Suppose -5*o + 4 = -t, -2*o + 22 - 2 = -5*t. Suppose o = -2*y - y + 12. Calculate the highest common divisor of y and 44.
4
Let q(o) = -14*o - 1. Let f be q(-1). Let k be f*(-5)/((-15)/9). Let p = 37 + -11. Calculate the greatest common divisor of k and p.
13
Suppose 0 - 16 = 2*d. Let s(j) = -j**2 - 12*j - 10. Let n be s(d). Calculate the greatest common divisor of n and 66.
22
Suppose 1 = 4*l - 7. Suppose -2*d = -3*o + l*d + 45, -2*o + d + 30 = 0. What is the highest common divisor of o and 5?
5
Suppose -2*z - 2*l + 2 = -0*z, -l - 11 = -5*z. Suppose k = 17 - z. Let d be 4/(-14) + 422/7. What is the highest common factor of d and k?
15
Suppose 0 = -2*l + 3*v - 3, l + 3*v - 6*v = -6. Calculate the highest common divisor of l and 9.
3
Let h = -27 + 47. Let o(q) = -4*q**2 + q**2 + 2*q**2 + 4 + q. Let r be o(0). Calculate the greatest common factor of r and h.
4
Let m = -108 + 155. Let j = -26 + m. Calculate the greatest common divisor of 105 and j.
21
Let s(h) = -2*h**3 + 5*h**2 + 5*h - 4. Let f be s(3). Let a(j) = -j**3 - 2*j**2 + 5*j - 2. Let y be a(-4). What is the highest common divisor of y and f?
2
Let a be 1/((-33)/18 - -2). Let q(m) = -m**2 + 8*m - 4. Let b be q(a). Calculate the highest common factor of b and 40.
8
Suppose 2*y = -0*y + 2126. Suppose -4*u = -5*v + y - 269, 0 = 3*v + 3*u - 498. What is the highest common divisor of 18 and v?
18
Let j be 24/(-16)*(-4)/3. Let x be (4 - -1)*1/1. Calculate the highest common factor of j and x.
1
Suppose -26 = -5*z + 3*z. Suppose 297 = -10*m + z*m. Let b = 8 - -1. Calculate the greatest common factor of m and b.
9
Let y be 530/4 - 1/2. Let i = 10 + -1. Suppose 3 + i = a. Calculate the highest common factor of y and a.
12
Let j be (2/4)/(3/(-30)). Let v be 1 + (j - -1) - -129. Suppose 2*l = -0*l + v. What is the highest common divisor of 21 and l?
21
Let s = -19 - -46. Calculate the greatest common divisor of s and 9.
9
Let p be ((-10)/(-25))/((-1)/15). Let g be p/(40/44 - 1). Calculate the highest common factor of g and 22.
22
Let j = 101 + -44. What is the highest common factor of j and 19?
19
Let o be (29 - 2/2)*1. Suppose -7*y + 28 = -3*y. What is the highest common divisor of y and o?
7
Let r be (-21)/6*(-2 - 0). Let t(f) = f**2 + 4*f. Let j be t(-4). Suppose 0 = -j*q + q - 28. What is the greatest common factor of r and q?
7
Suppose 5*f = 7*r - 3*r + 25, -3*r = -f + 5. Suppose -m + 2*m - 9 = r. Let q be 2/6 + 6/m. Calculate the highest common divisor of 9 and q.
1
Let y(s) = 15*s + 3. Let u be y(2). Let a = 49 + -27. Calculate the highest common divisor of u and a.
11
Suppose 0 - 4 = -2*t. Suppose t*l - 3*l + 136 = 0. What is the greatest common factor of l and 17?
17
Let n = -2 + 7. Let k = 13 + n. Let j be 42/2 + k/6. Calculate the highest common factor of j and 6.
6
Let v(u) be the first derivative of -u**2/2 + 12*u - 4. Let w be v(5). What is the highest common factor of w and 56?
7
Let n(l) = -l**2 + 7*l - 7. Let c be n(5). Suppose -1 = -2*r + c. Calculate the highest common divisor of 5 and r.
1
Let j = -69 + 70. Let i be ((-2)/6)/(1/3). Let w be -2*(-1 + (i - 0)). Calculate the greatest common factor of j and w.
1
Let z(q) = q + 9. Let s be z(-5). Let u(o) = o**3 - 2*o**2 - 4*o + 4. Let l be u(4). Calculate the greatest common factor of s and l.
4
Suppose 4*a + 6 = 22. Suppose 2*k - a = 2. Let u = 26 - 14. Calculate the highest common factor of u and k.
3
Let l = 10 + -1. Suppose 5*o - l*o = -460. Calculate the greatest common divisor of 46 and o.
23
Let q(y) = y**3 - 5*y**2 -